(-6)?
3, 5, 13
Let i(b) = b**2 + b. Let r be i(-2). Suppose 0 = -4*d + r*y + 162, -4*d - y - 3*y + 168 = 0. List the prime factors of d - (0 + 0 + -1).
2, 3, 7
Let q be -1 + 65 + 6/3. Suppose 0 = 2*g - 0*g - q. What are the prime factors of g*((-15)/(-9))/5?
11
Suppose -2*v = 3*q - 3383, 5*q + 5103 = -0*v + 3*v. What are the prime factors of v?
2, 53
Suppose 5*j + 16 = -24. What are the prime factors of -2 + 4 - -206*(-4)/j?
3, 5, 7
Let l(m) be the third derivative of m**4/3 - 5*m**3/2 - 38*m**2. Suppose 0 = -3*o + f + 19, 3*o + f - 17 = -0*o. What are the prime factors of l(o)?
3, 11
Suppose -5*o - 12 = 2*h, h - 3*o - 27 + 11 = 0. Suppose h*k - k = 69. Suppose -k = -2*p + p. List the prime factors of p.
23
Suppose 10*b - 1848 = 6*b. What are the prime factors of b?
2, 3, 7, 11
Let g = -577 + 950. List the prime factors of g.
373
Let a(r) = -r**2 - r. Let l be a(-1). Suppose l = -5*q - 150 - 0. Let m = q + 51. List the prime factors of m.
3, 7
Suppose 0 = -3*c + 6*c. Suppose 3*z - 666 = -c*z. Suppose -3*b = 3*b - z. What are the prime factors of b?
37
Let t(m) = 41*m**2 - 9*m - 20. What are the prime factors of t(-4)?
2, 3, 7
Suppose -51*r + 8982 + 76239 = 0. List the prime factors of r.
3, 557
Let r(s) = 33*s**2 + 3*s + 7. What are the prime factors of r(5)?
7, 11
Suppose -27*i = -20*i - 14. Suppose j - 155 = -i*x, 9 = -x - 2*x. List the prime factors of j.
7, 23
Suppose -18 = -5*i + 3*q + 1, 3*i = -q + 3. Suppose 5*w + 131 = -3*c, -w - 22 = -i*c - 1. Let p = w + 46. List the prime factors of p.
3, 7
Suppose -4864 = -18*f - 14*f. What are the prime factors of f?
2, 19
Suppose -5*q + 5*n + 9820 = 10*n, -5*q - 4*n + 9825 = 0. What are the prime factors of q?
11, 179
Suppose -3*c - 4*j - 410 = -53, 15 = -5*j. Let m = c - -179. Suppose -y = y - m. What are the prime factors of y?
2
Let t(n) = -n**2 - 1. Let o(y) = -4*y**2 - y + 33. Let p(q) = o(q) - 3*t(q). List the prime factors of p(0).
2, 3
Let j(i) = 4*i**2 - 12*i + 4. Let t be j(7). Suppose 3*v - t - 16 = 0. What are the prime factors of v?
2, 11
Let a = -3008 - -6955. List the prime factors of a.
3947
Suppose 327 = 2*g - g - b, -3*g - b + 981 = 0. What are the prime factors of g?
3, 109
Let g(m) = 18*m**2 + 13*m + 10. Let n be g(-6). Suppose -k - 4*k + n = q, -5*q + 464 = 4*k. List the prime factors of k.
2, 29
Let m = 1016 + -542. Let q = -235 + m. List the prime factors of q.
239
Let r(a) = -31*a + 61. What are the prime factors of r(-12)?
433
Let r(z) = z**2 - 7*z - 10. Suppose -4*t = t, -4 = y + 2*t. Let p be 10 - (4 + y)/(-4). List the prime factors of r(p).
2, 5
List the prime factors of (1 - 6/(-12))*1182.
3, 197
Let i(l) = -7 - 9 + 2 + 10*l + 0. List the prime factors of i(6).
2, 23
Let n(m) = -40*m + 2. Let a be n(-1). Let y = -70 + 40. Let g = y + a. List the prime factors of g.
2, 3
Suppose -11*x = -13*x + 4594. Suppose 0 = -14*y + 5447 - x. List the prime factors of y.
3, 5
Let n = 1514 + -896. What are the prime factors of n?
2, 3, 103
Suppose 0 = -15*a + 13*a + 96. Suppose -r - 3*r = -a. What are the prime factors of ((-26)/(-4))/(2/r)?
3, 13
Suppose 3*y = 2*y - 191. What are the prime factors of y/(-4) - 42/56?
47
Suppose 31*p = 24*p + 3031. What are the prime factors of p?
433
Suppose 128*k - 124*k - 384 = 0. Suppose -5*f + 3*i = -3, -24 = -4*f - 0*f - 3*i. Suppose -f*p + k = p. What are the prime factors of p?
2, 3
Suppose -3*m + 1183 = -0*m - d, 0 = 5*m - 2*d - 1970. What are the prime factors of m?
2, 3, 11
Let m = 304 + -22. What are the prime factors of m?
2, 3, 47
Suppose g - z = 21, -2*g + 47 = 2*z + 17. Let u = g + -3. Let p = u + 6. What are the prime factors of p?
3, 7
Let x = 147 - 307. Let l = x - -270. List the prime factors of l.
2, 5, 11
Suppose g - 2 + 20 = -5*v, v - 3*g - 6 = 0. Let b(z) = -4*z**3 + z**2 - 4*z + 1. List the prime factors of b(v).
2, 5, 13
Suppose 3*g - 3 = 6. Suppose 0 = -2*c + 4*o + 328, -o - o - 512 = -g*c. Let x = c - 121. What are the prime factors of x?
53
Let h be (-4)/(-18) - 240/(-135). Let x(d) = -2*d + 27 - h*d - 21. What are the prime factors of x(-5)?
2, 13
Let v be 273 - ((-18)/(-3))/2. Suppose v = 2*b + b. What are the prime factors of b?
2, 3, 5
Suppose -12 = l - 4*l - j, -2*l = 2*j - 12. Let i be (-3)/(l*(-2)/4). Suppose s + 17 = 3*h - 2*h, -5*h - i*s = -71. What are the prime factors of h?
3, 5
Suppose 0 = 3*o + s - 2831, 941 = 10*o - 9*o + 3*s. List the prime factors of o.
2, 59
Let i = 1152 + -691. List the prime factors of i.
461
Let b = -13 - 7. What are the prime factors of (1 - 59)*(19 + b)?
2, 29
Suppose -3*h = 3*c - 21, 5*c = c - 3*h + 23. Let z be (-3)/c*8/(-12). List the prime factors of (z/2)/(8/480).
2, 3, 5
Suppose 1395 - 6827 = -4*d. What are the prime factors of d?
2, 7, 97
Suppose 0 = -4*k + 12, 4*p - 1522 = 2*p + 2*k. List the prime factors of p.
2, 191
Suppose 9*g = 2*g + 7154. Suppose 0 = q + 6*q - g. List the prime factors of q.
2, 73
Suppose 0 = j - 0*j + 68. Suppose -4*h - 12 = 0, -7*u = -2*u - 5*h + 140. Let s = u - j. List the prime factors of s.
37
Let z be -1 + 41 - (-51)/17. Suppose -n = 3*c + z - 109, -4*c = -16. List the prime factors of n.
2, 3
Let r be 2*(-1)/10*(-3 + -2). Let b(h) = 101*h**3 + h. What are the prime factors of b(r)?
2, 3, 17
Let u = 2 + -8. Let i(s) = s**2 + s - 3. Let r be i(u). Let y = 9 + r. List the prime factors of y.
2, 3
Suppose -3*s = 2*b - 52, 48 = 2*s + 3*b + 10. Let c = -16 + s. Suppose 0 = 2*q - c - 4. What are the prime factors of q?
2
Suppose 0*u - 4*u = -4. Suppose -5*x - 6*v - u = -3*v, -4*x - 3*v + 1 = 0. List the prime factors of -2*31/4*x.
31
Let q(n) = n + 7. Let w be q(-7). Suppose -8*k + 56 = -4*k. Let m = w + k. List the prime factors of m.
2, 7
Suppose 248 = -7*r + 1032. Suppose 4*u - 424 = -4*w, -u - r = -2*u + 5*w. What are the prime factors of u?
107
Let y be (0 - -5)/(1/7). Let n be (16/10)/(14/y). Let j = n - -14. List the prime factors of j.
2, 3
Suppose j - 1661 = -4*k, 20*j + 2*k + 8195 = 25*j. List the prime factors of j.
3, 547
Let p(d) = 4*d - 17. Let l be p(7). Suppose -2*g + 0*z + 2*z = -214, -2*g + z + 212 = 0. Suppose -l*c + 8*c + g = 0. List the prime factors of c.
5, 7
Let r(u) = -u - 5. Suppose -3*b = 13 + 2. Let c be r(b). What are the prime factors of 1*(4 - c - -1)?
5
Suppose 6*n = -s + 4*n - 4, 3*n = 3*s - 24. What are the prime factors of 236 + (s + 0 - 1)?
239
Let s = -18 + -9. Let k = 77 + s. List the prime factors of k.
2, 5
Suppose 0 = -4*g + 4*n + 20, -3*g - n - 15 = 2*n. Suppose g = 3*k - 5*j - 15, -4*k - j = -0 + 3. Suppose k = -5*d + 117 - 32. List the prime factors of d.
17
Let g(b) be the first derivative of -b**4 + b**3 + 3*b**2/2 + 4*b - 46. List the prime factors of g(-2).
2, 3, 7
Let m = -41 + 61. Suppose -5*x = 3*i - 9 - 3, 5*i - m = 2*x. What are the prime factors of i?
2
Let k(s) = -s. Let j be k(3). Let n = 3 - j. Suppose 2*t - n*t = -72. List the prime factors of t.
2, 3
Let x(g) = g**3 + 11*g**2 + 11*g + 8. Let u be x(-9). Suppose -5*y + t = -145, -4*y + 4*t + u = -45. List the prime factors of y.
29
Let j = -296 + 813. List the prime factors of j.
11, 47
Let m be 117/(-12) + (-1)/4. What are the prime factors of 55*4*(-1)/m?
2, 11
Let q = 19 + -28. Let i = q - -59. What are the prime factors of i?
2, 5
Let s be (3/((-12)/32))/(-1). Suppose 4*b + 4 - s = -4*m, 0 = 5*m - 2*b + 2. What are the prime factors of 22 + (4 - m/3)?
2, 13
Let k be ((30*1)/2)/(-1). Let a(s) = -20*s + 1. Let u be a(2). Let z = k - u. What are the prime factors of z?
2, 3
Suppose 45 = 5*w - 4*f, 0*w + 2*f = -2*w. Let b be ((-14)/w)/(8/(-20)). Suppose 0 = 5*x - b*x + 18. What are the prime factors of x?
3
Let y(f) = f**3 + 16*f**2 + 30*f - 23. List the prime factors of y(-13).
2, 47
Let z = -58 - -125. Suppose -5*q - z = -212. What are the prime factors of q?
29
Let g(m) = -m**3 + 6*m**2 - m + 6. Let h be g(6). Suppose -15 = 5*d, -z - 2*d = -h*z + 195. Let b = -126 - z. What are the prime factors of b?
3, 7
Let l(j) = 3*j**3 - 19*j**2 - 7*j + 21. Let s(w) = -w**3 + w**2 - w - 1. Let b(c) = -l(c) - 4*s(c). List the prime factors of b(-14).
5
Let c(u) = 4*u**2 + 10*u - 5. Let r = -11 + 5. What are the prime factors of c(r)?
79
Let m(d) = 2364*d**2 + 10*d + 10. List the prime factors of m(-1).
2, 3, 197
Suppose -6*q - 21 = -3*q. Let h(y) =